= -217. What is the hundreds digit of j?
1
Suppose 0 = -3*t + 55 + 47. What is the units digit of t?
4
Let x be (-2)/(-4) - 27/(-2). Suppose -14 = -0*z - 2*z. What is the units digit of 38/x - (-2)/z?
3
Let p(o) = -o**3 + 3*o**2 + 6*o - 6. Let c be p(4). Suppose 3*m + 5 = -10. What is the units digit of c*((-15)/2)/m?
3
Suppose 4*f - 16 + 0 = 0. Let k be (4 + 0)*20/f. Suppose k = 7*u - 2*u. What is the units digit of u?
4
Let s = -229 - -424. Suppose -4*w = -3*r - 0*w + 121, -5*w - s = -5*r. What is the tens digit of r?
3
Suppose 4*k - 149 = p, -k - 5*p - 2 = -13. What is the tens digit of k?
3
Let j(q) = q**2 + 4*q - 28. What is the tens digit of j(9)?
8
Let c = 8 - -9. Suppose -v - v + c = -k, 3*k + 1 = v. What is the tens digit of v?
1
Let a(i) = -16*i - 1. What is the hundreds digit of a(-8)?
1
Let u be ((-9)/(-4))/(2/(-8)). Let i be (-5)/(-1) - u/(-3). Suppose 3*o - i - 34 = 0. What is the units digit of o?
2
Suppose 3*a - 43 = 2*a. What is the units digit of a?
3
Suppose 11 - 2 = 3*a. Suppose -a*z - z = 0. Suppose -4*d + 20 = -z*d. What is the units digit of d?
5
Let a(o) = -o + 7. Let l(i) = i**3 - 7*i**2 + 2*i - 7. Let s be l(7). Let z be a(s). Suppose 0 = -4*d - z*d + 44. What is the tens digit of d?
1
Let v(i) = -i**2 - 7*i - 8. Let w be v(-4). Suppose 5*k - 7 = w*k. What is the units digit of k?
7
Let b(c) = c**2 - c + 3. Let p be (-6)/(-3) + -9 + 3. Let s be b(p). Suppose 52 = 5*x - s. What is the units digit of x?
5
Let d be ((-4)/(-4))/((-1)/2). What is the units digit of (-3 + -15)*1/d?
9
Let q(f) = -f**3 - 11*f**2 + 12*f + 2. What is the units digit of q(-12)?
2
What is the tens digit of 266/8 - (-5)/(-20)?
3
Suppose 74 = 4*q - 142. Suppose 0 = t - 5*x - q, 0*t + 142 = 3*t - 5*x. Suppose -5*z = 2*u - 62, 0 = -z - z + 4*u + t. What is the tens digit of z?
1
Suppose -10*z + 13*z - 33 = 0. Suppose -3*i = -l + 6*l - z, 2*l = 3*i - 4. What is the units digit of l?
1
Suppose -s = 2, -5*s = -2*z + 15 + 31. Suppose 2*v - z = 4*r, -2*v + r + 36 - 6 = 0. What is the units digit of v?
7
What is the units digit of (-1)/(-1) + (1 - -8)?
0
What is the units digit of 2*-2 + 336/6 + 0?
2
Let z(n) = 6*n + 1. Let s(d) = d**2 - d + 2. Let m be s(0). What is the tens digit of z(m)?
1
Let y(f) = 1 + 0 + f**2 - 7*f + 3. Let c be y(7). Suppose -4*x - c*v + 8 = 0, -3*x + 10 = x + 2*v. What is the units digit of x?
3
Let d = -52 - -113. Suppose 5*i = 114 + d. Let f = i - 21. What is the tens digit of f?
1
Let x = -4 - -5. What is the units digit of ((0 + x)*1)/1?
1
What is the units digit of 17 - (3 + -2 + -4)?
0
Suppose -13 = 5*s + 2. What is the units digit of s/(-6) + 30/4?
8
Suppose -7 - 13 = 5*r + 5*h, -5*r - 14 = 3*h. Let f be (-3)/((-6)/2) - r. Suppose f*k = -k + 9. What is the units digit of k?
3
Let p = -28 - -70. What is the units digit of p?
2
Suppose 5*x = -c + 33, 0 = c - 2*x - 33. What is the tens digit of c?
3
Suppose 0 = -4*r + 3*l - l + 58, -5*r = -4*l - 77. Let x = -12 + r. What is the units digit of x?
1
Let w be 3*((-30)/(-9))/(-5). Let q = w + 42. What is the tens digit of q?
4
Let f(m) = 2*m**2 - 1. Let y be f(-1). Let c(l) = l**3 - l. Let d be c(y). Suppose d = 4*b - 2*i - 42, 5*i - 2*i = -3*b + 9. What is the units digit of b?
8
Let m(l) = -2*l - 5. Let s be m(-4). Suppose 4*d - 2*d - 15 = s*w, -2*w = 2*d. What is the units digit of d?
3
Let t = -5 - -15. Suppose -6*c = -4*c - t. What is the units digit of (c - -1) + -2 - 1?
3
Suppose -4*g - 64 = 3*z, g - 2*g - 16 = -2*z. Let v = g - -23. What is the units digit of v?
7
Let y(i) = 5*i - 41. What is the tens digit of y(20)?
5
Suppose -w = 3*u - 41 + 3, -160 = -5*w - 5*u. Let r = -11 + 30. Let j = w - r. What is the units digit of j?
0
Suppose 3*j + 30 = 4*j. Let h(b) = 6*b**2 - b - 1. Let c be h(-1). Suppose n - 21 = -5*t, -4*n - 4*t + j = -c. What is the units digit of n?
6
Suppose -5*p + 426 = -3*p. What is the tens digit of p?
1
Suppose a - 4*l + 4 - 19 = 0, 4*l = 3*a - 21. Suppose -5*p + 4*z - a*z = -77, 0 = -4*z - 8. What is the tens digit of p?
1
What is the hundreds digit of 14*((-282)/(-21) - -2)?
2
Let a(s) = -s**3 + 14*s**2 - 8*s + 15. Let x(p) = -p**3 + 13*p**2 - 7*p + 15. Let w(d) = 3*a(d) - 4*x(d). What is the units digit of w(10)?
5
Let h(w) = -5*w - 1. Let s be h(1). Let m = s + 7. What is the units digit of m?
1
Let y(o) = 10*o**2 - o - 3. What is the hundreds digit of y(4)?
1
Let r = -3 + 4. Suppose -25 + 0 = -5*a. What is the units digit of a - (r - -2)/3?
4
Let n = 58 - 36. What is the tens digit of n?
2
Suppose -3 = 3*z - 9. Let n be 4 - -2*1 - z. Suppose -41 = -3*i - n*t, -3*i + 6*t - t - 4 = 0. What is the units digit of i?
7
Let z(y) = y + 3. Let l be z(6). What is the units digit of (6/4)/(l/24)?
4
Suppose -5*h = -0*h - 25. Let k = h + -3. Suppose -k*l + 1 = -9. What is the units digit of l?
5
Suppose 3*o + 7 = 1. Let n be (0 - 1/(-2))*o. What is the tens digit of n - 6/(-3)*6?
1
Suppose -v + 6*v + 30 = 0. Let i be (v/4)/((-2)/4). Suppose 2*q + 16 + 33 = i*m, q = 5*m - 70. What is the units digit of m?
3
What is the units digit of 131 - (0 + 3)/3?
0
Suppose -6031 = 4*p - 847. What is the units digit of (-4)/14 + p/(-28)?
6
Suppose -u + 235 = 4*u. What is the units digit of u?
7
What is the units digit of (2/(-1))/((-7)/231)*1?
6
Let a = 0 - -5. Suppose 2*v + 2 = q - 4, a*q + 3*v = 69. What is the units digit of q?
2
Suppose -3*s = -46 + 7. Suppose 4*z + s = -3*x + 2*z, 2*x - 4*z - 18 = 0. Let g = 4 - x. What is the units digit of g?
5
Let w(n) = 5*n**2 + n**3 - 8 - 3*n + 3*n**2 + 2*n**2. Let j be w(-10). Let y = j - 10. What is the tens digit of y?
1
What is the tens digit of ((-4)/(-10))/(2 + (-756)/380)?
3
Let c(a) = 2*a**2 + 8*a - 34. What is the units digit of c(-10)?
6
Let b = 14 + -1. Suppose -7 = -5*s + b. What is the units digit of s?
4
Suppose -4*y = 16, d + 2*y + 12 = -y. Suppose -4*m = 8, 0 = -2*q - d*q - 3*m + 164. Suppose 2*p - q = -3*p. What is the tens digit of p?
1
Suppose -u - 2*h = -10, 0 = 4*u + 6*h - 4*h - 22. Suppose -4*r - u*c + 44 = 0, c - 14 = -2*r + 3. Let s = -5 + r. What is the units digit of s?
1
Suppose 5*y - 1 = 4. Suppose 4*c - 9 = -y. What is the units digit of c?
2
Let w be 5/(-5) - (1 + 2). What is the tens digit of 135/10 - 2/w?
1
Suppose 10*u - 1573 - 2107 = 0. What is the tens digit of u?
6
Let o(n) = -n**3 - 8*n**2 - 9*n - 7. Suppose 0*r = -5*m + 2*r - 46, -5*r = -15. Let b be 1/4 - (-58)/m. What is the units digit of o(b)?
7
Let b = -2 - 9. Let g = -3 - b. What is the units digit of g?
8
Suppose 3*n + 3*c - 60 = 2*c, -3*c - 67 = -4*n. Suppose 2*a = n - 7. What is the units digit of a?
6
Let g(d) = d + 3. Let c be g(8). Suppose -3*i + c + 25 = 0. Suppose 0 = -5*l + 3*l + i. What is the units digit of l?
6
Let j be 5 + -3 - (2 + -2). Suppose 4*u = -j*u + 174. What is the units digit of u?
9
Let b = 2 + -32. Let m be 166/10 + (-12)/b. Let f = m - 6. What is the units digit of f?
1
Let j(s) = -s**2 + 7*s - 4. Let n be j(6). Suppose v = y - n*y - 2, -5*y = 20. What is the units digit of v - 1 - 5/(-5)?
2
Let m = 39 - -13. What is the tens digit of m?
5
Let d(a) = -a + a - 2*a + 5. Let h(r) = r**3 + 8*r**2 - 4. Let p be h(-8). What is the tens digit of d(p)?
1
Suppose 0 = -4*r + r + 27. What is the units digit of r?
9
Suppose 60 = 4*j + v - 8, 3*j = v + 44. Suppose 18 = 9*q - 3*q. Suppose 5*p + 4*c = j, -29 = -5*p - q*c - 12. What is the units digit of p?
4
Let i be -2 - (-2 - 84/2). Suppose 0 = 5*v + 25, 4*m - 2*m - i = 2*v. Suppose 0*s - 2*s = -m. What is the units digit of s?
8
Suppose q = 6*q, 5*i - 175 = 5*q. What is the units digit of i?
5
Let a(u) = 8*u. Let j be a(4). Let t = 49 - j. What is the tens digit of t?
1
Let v = -29 - -14. Let p = v - -32. What is the tens digit of p?
1
Suppose x + 222 + 112 = 5*w, 340 = 5*w + 5*x. What is the tens digit of w?
6
Suppose -2*o + 52 = -154. Suppose -2*n - 9 = -o. What is the units digit of n?
7
What is the tens digit of 54 - (0/6 - -3)?
5
Let g = 8 + -5. Suppose -3*b + 33 = -g. What is the tens digit of b?
1
Let m be -3 + 1 + (-4)/(-1). Suppose -3*o - 5*h + 1 = 0, -m*o + 0*o - 3*h = 0. What is the tens digit of 0 + o/(3/(-10))?
1
Suppose l + l = 12. Suppose l = -j + 1. Let w = -4 - j. What is the units digit of w?
1
Let f = -74 + -10. What is the units digit of f/(-5) + 